s of 3327351257.
3327351257
What are the prime factors of 46060843?
1609, 28627
List the prime factors of 164958976.
2, 7, 13, 73, 97
What are the prime factors of 2827532467?
43, 65756569
List the prime factors of 18047517.
3, 6015839
What are the prime factors of 18634487?
157, 118691
List the prime factors of 552015576.
2, 3, 7, 156467
What are the prime factors of 1025024980?
2, 5, 7, 271, 27017
List the prime factors of 961264968.
2, 3, 283, 141529
List the prime factors of 171101280.
2, 3, 5, 7, 50923
List the prime factors of 363450034.
2, 181725017
List the prime factors of 1504609965.
3, 5, 11145259
What are the prime factors of 31957362?
2, 3, 29, 20407
What are the prime factors of 307859417?
307859417
List the prime factors of 38792508.
2, 3, 283, 11423
What are the prime factors of 771925612?
2, 97, 1989499
List the prime factors of 29041895.
5, 5808379
What are the prime factors of 519314728?
2, 31, 2094011
What are the prime factors of 57246241?
13, 23, 191459
What are the prime factors of 3346754789?
7, 151, 3166277
What are the prime factors of 64027244?
2, 29, 551959
What are the prime factors of 247173731?
7, 421, 83873
What are the prime factors of 1229280355?
5, 31, 7930841
What are the prime factors of 103629341?
37, 733, 3821
What are the prime factors of 10793255?
5, 11, 311, 631
What are the prime factors of 5566027456?
2, 11, 7906289
What are the prime factors of 724645176?
2, 3, 23, 647, 2029
List the prime factors of 39236039.
3467, 11317
What are the prime factors of 768517018?
2, 7757, 49537
List the prime factors of 74669821.
4861, 15361
List the prime factors of 66663217.
66663217
What are the prime factors of 85826074?
2, 79, 543203
What are the prime factors of 252905573?
61, 4145993
What are the prime factors of 255610438?
2, 31, 4122749
What are the prime factors of 8307241274?
2, 4153620637
List the prime factors of 1522847463.
3, 53, 9577657
What are the prime factors of 23178892?
2, 11, 43, 12251
List the prime factors of 3350581309.
89, 37646981
What are the prime factors of 224560602?
2, 3, 7, 809, 2203
List the prime factors of 587969480.
2, 5, 7, 17, 101, 1223
What are the prime factors of 42935400?
2, 3, 5, 7951
What are the prime factors of 1123854830?
2, 5, 7, 16055069
What are the prime factors of 1229368569?
3, 11, 13, 2865661
What are the prime factors of 133682548?
2, 33420637
List the prime factors of 63351700.
2, 5, 19, 33343
What are the prime factors of 116798729?
116798729
List the prime factors of 879647693.
19, 1747, 26501
What are the prime factors of 13347594?
2, 3, 13, 57041
What are the prime factors of 629825436?
2, 3, 41, 142237
List the prime factors of 63341724.
2, 3, 23, 229499
List the prime factors of 38998574.
2, 19499287
List the prime factors of 1072620860.
2, 5, 113, 157, 3023
List the prime factors of 265981934.
2, 6121, 21727
List the prime factors of 290294014.
2, 661, 219587
List the prime factors of 65017633.
31, 179, 11717
List the prime factors of 331324800.
2, 3, 5, 34513
List the prime factors of 53242257.
3, 17747419
List the prime factors of 948532138.
2, 241, 1967909
List the prime factors of 578359382.
2, 179, 1615529
What are the prime factors of 98227372?
2, 347, 70769
List the prime factors of 997110913.
257, 449, 8641
What are the prime factors of 114697079?
7, 17, 963841
List the prime factors of 30648795.
3, 5, 29, 70457
List the prime factors of 3478459441.
23, 151237367
What are the prime factors of 910573342?
2, 7, 65040953
What are the prime factors of 1267402350?
2, 3, 5, 23, 113, 3251
What are the prime factors of 291289541?
291289541
List the prime factors of 95701679.
4517, 21187
List the prime factors of 1376764058.
2, 269, 2559041
What are the prime factors of 106493829?
3, 13, 29, 7243
What are the prime factors of 140571835?
5, 71, 359, 1103
List the prime factors of 96013634.
2, 31, 53, 61, 479
List the prime factors of 130801110.
2, 3, 5, 11, 127, 3121
List the prime factors of 31896998.
2, 7, 17, 23, 5827
What are the prime factors of 495374208?
2, 3, 7, 184291
List the prime factors of 5155414285.
5, 7, 147297551
List the prime factors of 438688486.
2, 219344243
List the prime factors of 317040855.
3, 5, 23, 918959
List the prime factors of 160553361.
3, 509, 105143
What are the prime factors of 26378881?
461, 57221
List the prime factors of 5395513941.
3, 17, 41, 860117
List the prime factors of 16548207.
3, 13, 424313
What are the prime factors of 641736926?
2, 173, 1854731
List the prime factors of 50358543.
3, 16786181
What are the prime factors of 1078954974?
2, 3, 139, 431237
List the prime factors of 12696489.
3, 13, 108517
What are the prime factors of 46619272?
2, 7, 832487
What are the prime factors of 3203978357?
487, 691, 9521
List the prime factors of 191384744.
2, 43, 556351
What are the prime factors of 2788946620?
2, 5, 31, 1693, 2657
List the prime factors of 49173330.
2, 3, 5, 19, 86269
List the prime factors of 51955010.
2, 5, 5195501
List the prime factors of 333707913.
3, 7, 11, 443, 1087
What are the prime factors of 14343724?
2, 3585931
What are the prime factors of 67124254?
2, 1291, 25997
What are the prime factors of 2338208620?
2, 5, 11, 10628221
What are the prime factors of 139759054?
2, 353, 197959
What are the prime factors of 123981761?
123981761
List the prime factors of 66892745.
5, 13378549
List the prime factors of 35010668.
2, 7, 11, 71, 1601
What are the prime factors of 153301117?
153301117
List the prime factors of 1921987021.
479, 4012499
List the prime factors of 426910539.
3, 11, 463, 27941
List the prime factors of 927365073.
3, 309121691
List the prime factors of 510587167.
431, 647, 1831
List the prime factors of 39926949.
3, 1531, 8693
List the prime factors of 755364430.
2, 5, 2447, 30869
What are the prime factors of 294433694?
2, 29, 5076443
List the prime factors of 2668257314.
2, 1334128657
What are the prime factors of 78214501?
17, 101, 45553
List the prime factors of 2113023417.
3, 37, 257, 74071
What are the prime factors of 55449125?
5, 19, 37, 631
What are the prime factors of 173948345?
5, 34789669
What are the prime factors of 26217334?
2, 11, 13, 29, 109
What are the prime factors of 184379733?
3, 2276293
List the prime factors of 347819376.
2, 3, 701, 10337
List the prime factors of 410054942.
2, 11, 37, 503753
What are the prime factors of 13979342?
2, 13, 59, 701
What are the prime factors of 126499554?
2, 3, 421, 16693
List the prime factors of 20591771.
3779, 5449
List the prime factors of 183786676.
2, 97, 181, 2617
What are the prime factors of 1770877144?
2, 89, 1129, 2203
What are the prime factors of 3236421884?
2, 5419, 149309
What are the prime factors of 630036581?
630036581
List the prime factors of 5214010102.
2, 7, 71, 5245483
What are the prime factors of 80011460?
2, 5, 4000573
List the prime factors of 141399969.
3, 29, 1625287
List the prime factors of 25858053.
3, 13, 29, 7621
List the prime factors of 256699043.
67, 3831329
List the prime factors of 60459072.
2, 3, 17, 18523
What are the prime factors of 879903437?
7, 3851, 4663
List the prime factors of 70453068.
2, 3, 7, 379, 2213
What are the prime factors of 206017468?
2, 1721, 29927
What are the prime factors of 1927022258?
2, 7, 631, 218137
List the prime factors of 28095203.
17, 193, 8563
What are the prime factors of 546742047?
3, 182247349
List the prime factors of 1522424554.
2, 7, 59, 1843129
What are the prime factors of 185039859?
3, 61679953
List the prime factors of 575369484.
2, 3, 53, 431, 2099
What are the prime factors of 647972453?
37, 17512769
What are the prime factors of 156060485?
5, 7, 71, 62801
List the prime factors of 323340466.
2, 161670233
List the prime factors of 555233633.
331, 1677443
What are the prime factors of 60463671?
3, 31, 71, 9157
List the prime factors of 23398737.
3, 29, 449, 599
What are the prime factors of 110188452?
2, 3, 11, 834761
What are the prime factors of 120439346?
2, 60219673
What are the prime factors of 25081178?
2, 19, 23, 28697
What are the prime factors of 5198215?
5, 11, 94513
List the prime factors of 6415153.
83, 77291
What are the prime factors of 4970740315?
5, 994148063
What are the prime factors of 160116337?
29, 5521253
What are the